{"id":323,"date":"2012-10-23T07:51:03","date_gmt":"2012-10-23T07:51:03","guid":{"rendered":"https:\/\/www.newproagency.be\/?page_id=323"},"modified":"2012-10-23T08:07:30","modified_gmt":"2012-10-23T08:07:30","slug":"infos","status":"publish","type":"page","link":"https:\/\/www.newproagency.be\/?page_id=323","title":{"rendered":"Infos"},"content":{"rendered":"<h1>Aghilas \u00a0CLOQUET<\/h1>\n<h3><span style=\"color: #ffff00;\"><em>N\u00e9 en 1958 Bruxelles Belgique<\/em><\/span><\/h3>\n<p>L\u2019aventure commence par la d\u00e9couverte d\u2019un <em>\u00ab\u00a0KODAKBOX 620\u00a0\u00bb<\/em> dans le grenier de ma grand-m\u00e8re.<br \/>\nJ\u2019ai fait mes premi\u00e8res armes et mes premiers reportages avec un <em>\u00ab\u00a0ZEISS IKON IKONTA 6X6\u00a0\u00bb<\/em> h\u00e9rit\u00e9 de mon p\u00e8re. J\u2019avais 15 ans.<\/p>\n<p>Autodidacte au d\u00e9part, je me suis rendu compte qu\u2019il fallait plus de maitrise, plus de savoir pour franchir l\u2019\u00e9tape professionnelle.<br \/>\nParall\u00e8lement aux \u00e9tudes que j\u2019entreprenais, j\u2019ai suivi des cours en photographie \u00e0 l\u2019\u00e9cole de photographie de la ville de Bruxelles.<\/p>\n<p>Bruxellois de souche et de c\u0153ur, je suis n\u00e9 d\u2019une union entre le Nord et le Sud. \u00c9duqu\u00e9 dans une ouverture d\u2019esprit et une ouverture multiculturelle.<\/p>\n<h3>Tr\u00e8s vite, je me suis positionn\u00e9 dans le reportage et l\u2019\u00e9v\u00e9nementiel.<\/h3>\n<ul>\n<li>1986 \u00a0\u00ab\u00a0Sur les traces du P\u00e8re Popieluszko\u00a0\u00bb &#8211; Pologne,<\/li>\n<li>1996 \u00a0\u00ab\u00a0 Les voleurs d\u2019eau\u00a0\u00bb &#8211; Ha\u00efti,<\/li>\n<li>1998\u00a0 \u00ab\u00a0La Kabylie\u00a0\u00bb &#8211; Alg\u00e9rie,<\/li>\n<li>1999\u00a0 \u00ab\u00a0Communaut\u00e9 des chr\u00e9tiens et des musulmans\u00a0\u00bb &#8211; Syrie<\/li>\n<li>1999\u00a0 \u00ab\u00a0 Les musulmans bruxellois\u00a0\u00bb &#8211; Belgique,<\/li>\n<li>2000\u00a0 \u00ab\u00a0 Dans l\u2019enfer hospitalier de Port-au-Prince\u00a0\u00bb &#8211; Ha\u00efti,<\/li>\n<li>2001\u00a0\u00a0 \u00ab\u00a0Drague Queen parisiennes\u00a0\u00bb &#8211; France<\/li>\n<li>2002\u00a0 \u00ab\u00a0 Le Vaudou de la Chandeleur\u00a0\u00bb\u00a0 &#8211; Ha\u00efti,<\/li>\n<\/ul>\n<p>Le passage au num\u00e9rique a \u00e9t\u00e9 tr\u00e8s long et murement r\u00e9fl\u00e9chi. J\u2019en suis conquis.<br \/>\nM\u00eame si je reste un pratiquant de l\u2019argentique.\u00a0Si vous souhaitez discuter de projets dans le reportage et dans l\u2019\u00e9v\u00e8nementiel, nous pouvons nous rencontrer.<\/p>\n<p>Je dispose d\u2019un mat\u00e9riel d\u2019\u00e9clairage l\u00e9ger qui permet toutes les audaces.<\/p>\n<h3><span style=\"color: #ffff00;\">Bonne d\u00e9couverte et \u00e0 bient\u00f4t.<\/span><\/h3>\n","protected":false},"excerpt":{"rendered":"<p>Aghilas \u00a0CLOQUET N\u00e9 en 1958 Bruxelles Belgique L\u2019aventure commence par la d\u00e9couverte d\u2019un \u00ab\u00a0KODAKBOX 620\u00a0\u00bb dans le grenier de ma grand-m\u00e8re. J\u2019ai fait mes premi\u00e8res armes et mes premiers reportages avec un \u00ab\u00a0ZEISS IKON IKONTA 6X6\u00a0\u00bb h\u00e9rit\u00e9 de mon p\u00e8re. J\u2019avais 15 ans. Autodidacte au d\u00e9part, je me suis rendu compte qu\u2019il fallait plus de [&hellip;]<\/p>\n","protected":false},"author":1,"featured_media":0,"parent":0,"menu_order":0,"comment_status":"closed","ping_status":"closed","template":"template-full-width.php","meta":[],"_links":{"self":[{"href":"https:\/\/www.newproagency.be\/index.php?rest_route=\/wp\/v2\/pages\/323"}],"collection":[{"href":"https:\/\/www.newproagency.be\/index.php?rest_route=\/wp\/v2\/pages"}],"about":[{"href":"https:\/\/www.newproagency.be\/index.php?rest_route=\/wp\/v2\/types\/page"}],"author":[{"embeddable":true,"href":"https:\/\/www.newproagency.be\/index.php?rest_route=\/wp\/v2\/users\/1"}],"replies":[{"embeddable":true,"href":"https:\/\/www.newproagency.be\/index.php?rest_route=%2Fwp%2Fv2%2Fcomments&post=323"}],"version-history":[{"count":12,"href":"https:\/\/www.newproagency.be\/index.php?rest_route=\/wp\/v2\/pages\/323\/revisions"}],"predecessor-version":[{"id":341,"href":"https:\/\/www.newproagency.be\/index.php?rest_route=\/wp\/v2\/pages\/323\/revisions\/341"}],"wp:attachment":[{"href":"https:\/\/www.newproagency.be\/index.php?rest_route=%2Fwp%2Fv2%2Fmedia&parent=323"}],"curies":[{"name":"wp","href":"https:\/\/api.w.org\/{rel}","templated":true}]}}